
{"id":154,"date":"2025-05-23T12:52:04","date_gmt":"2025-05-23T10:52:04","guid":{"rendered":"https:\/\/zsp5.edu.wroclaw.pl\/?page_id=154"},"modified":"2025-12-08T13:20:57","modified_gmt":"2025-12-08T12:20:57","slug":"biblioteka","status":"publish","type":"page","link":"https:\/\/zsp5.edu.wroclaw.pl\/index.php\/biblioteka\/","title":{"rendered":"Biblioteka"},"content":{"rendered":"<div class=\"wpb-content-wrapper\"><p>[vc_row][vc_column][vc_column_text css=&#8221;&#8221;]<img loading=\"lazy\" decoding=\"async\" class=\"size-medium wp-image-155 aligncenter\" src=\"https:\/\/zsp5.edu.wroclaw.pl\/wp-content\/uploads\/sites\/86\/2025\/05\/csm_biblio01_c239c1ce89-300x129.jpg\" alt=\"\" width=\"300\" height=\"129\" srcset=\"https:\/\/zsp5.edu.wroclaw.pl\/wp-content\/uploads\/sites\/86\/2025\/05\/csm_biblio01_c239c1ce89-300x129.jpg 300w, https:\/\/zsp5.edu.wroclaw.pl\/wp-content\/uploads\/sites\/86\/2025\/05\/csm_biblio01_c239c1ce89.jpg 555w\" sizes=\"auto, (max-width: 300px) 100vw, 300px\" \/><\/p>\n<table style=\"border-collapse: collapse;width: 100%;height: 570px\" border=\"1\">\n<tbody>\n<tr style=\"height: 95px\">\n<td style=\"width: 25%;height: 95px\"><\/td>\n<td style=\"width: 25%;height: 95px\">&nbsp;<\/p>\n<p style=\"text-align: center\"><span style=\"color: #993366\"><strong>Godziny dost\u0119pno\u015bci biblioteki dla uczni\u00f3w<\/strong><\/span><\/p>\n<p>&nbsp;<\/td>\n<td style=\"width: 25%;height: 95px;text-align: center\"><strong><span style=\"color: #ff9900\">Renata Cierpia\u0142 &#8211; Ma\u0142asiewicz<\/span><\/strong><\/td>\n<td style=\"width: 25%;height: 95px;text-align: center\"><strong><span style=\"color: #008000\">Ma\u0142gorzata Guzikowska<\/span><\/strong><\/td>\n<\/tr>\n<tr style=\"height: 95px\">\n<td style=\"width: 25%;height: 95px\"><span style=\"color: #993366\">Poniedzia\u0142ek<\/span><\/td>\n<td style=\"width: 25%;height: 95px\"><span style=\"color: #993366\">8.00- 12.45<\/span><\/p>\n<p><span style=\"color: #993366\">13.30- 14.00<\/span><\/td>\n<td style=\"width: 25%;height: 95px\"><span style=\"color: #ff9900\">8.50-9.50\u00a0<\/span><\/td>\n<td style=\"width: 25%;height: 95px\"><span style=\"color: #008000\">8.00- 12.45<\/span><\/p>\n<p><span style=\"color: #008000\"> 13.30- 14.00<\/span><\/td>\n<\/tr>\n<tr style=\"height: 95px\">\n<td style=\"width: 25%;height: 95px\"><span style=\"color: #993366\">Wtorek<\/span><\/td>\n<td style=\"width: 25%;height: 95px\"><span style=\"color: #993366\">8.30 &#8211; 12.45<\/span><\/p>\n<p><span style=\"color: #993366\">13.30- 14.25<\/span><\/td>\n<td style=\"width: 25%;height: 95px\"><span style=\"color: #ff9900\">9.50-10.45<\/span><\/td>\n<td style=\"width: 25%;height: 95px\"><span style=\"color: #008000\">8.30 &#8211; 12.45<\/span><\/p>\n<p><span style=\"color: #008000\"> 13.30 &#8211; 14.25<\/span><\/td>\n<\/tr>\n<tr style=\"height: 95px\">\n<td style=\"width: 25%;height: 95px\"><span style=\"color: #993366\">\u015aroda<\/span><\/td>\n<td style=\"width: 25%;height: 95px\"><span style=\"color: #993366\">8.00 &#8211; 12.45<\/span><\/p>\n<p><span style=\"color: #993366\">13.30 -15.00<\/span><\/td>\n<td style=\"width: 25%;height: 95px\"><span style=\"color: #ff9900\">8.00-8.55 <\/span><\/p>\n<p><span style=\"color: #ff9900\">9.40-10.45<\/span><\/td>\n<td style=\"width: 25%;height: 95px\"><span style=\"color: #008000\">9.00 -12.45 <\/span><\/p>\n<p><span style=\"color: #008000\">13.30-15.00<\/span><\/td>\n<\/tr>\n<tr style=\"height: 95px\">\n<td style=\"width: 25%;height: 95px\"><span style=\"color: #993366\">Czwartek<\/span><\/td>\n<td style=\"width: 25%;height: 95px\"><span style=\"color: #993366\">8.00 -13.30<\/span><\/p>\n<p>&nbsp;<\/td>\n<td style=\"width: 25%;height: 95px\"><span style=\"color: #ff9900\">10.50-11.50<\/span><\/td>\n<td style=\"width: 25%;height: 95px\"><span style=\"color: #008000\">8.00- 13.30<\/span><\/td>\n<\/tr>\n<tr style=\"height: 95px\">\n<td style=\"width: 25%;height: 95px\"><span style=\"color: #993366\">Pi\u0105tek<\/span><\/td>\n<td style=\"width: 25%;height: 95px\"><span style=\"color: #993366\">8.00 \u2013 11.50<\/span><\/p>\n<p><span style=\"color: #993366\">12.35 &#8211; 13.30<\/span><\/td>\n<td style=\"width: 25%;height: 95px\"><span style=\"color: #ff9900\">9.40- 10.45<\/span><\/td>\n<td style=\"width: 25%;height: 95px\"><span style=\"color: #008000\"> 8.00- 11.50 <\/span><\/p>\n<p><span style=\"color: #008000\">12.35- 13.30<\/span><\/td>\n<\/tr>\n<\/tbody>\n<\/table>\n<p>[\/vc_column_text][vc_separator color=&#8221;custom&#8221; css=&#8221;&#8221; accent_color=&#8221;#C0C0C0&#8243;][vc_column_text css=&#8221;&#8221;]<\/p>\n<h2><span style=\"font-size: 20px\">Dokumenty:<\/span><\/h2>\n<ul>\n<li><a href=\"https:\/\/zsp5.edu.wroclaw.pl\/wp-content\/uploads\/sites\/86\/2025\/10\/WYKAZ-PODRECZNIKOW-kl-1-3-2024-5.pdf\">Wykaz podr\u0119cznik\u00f3w klasy 1-3<\/a><\/li>\n<li><a href=\"https:\/\/zsp5.edu.wroclaw.pl\/wp-content\/uploads\/sites\/86\/2025\/12\/2025-AAAAAWykaz-podrecznikow-klasa-4-8.-20252.pdf\">Wykaz podr\u0119cznik\u00f3w klasy 4-8<\/a><\/li>\n<li><a href=\"https:\/\/zsp5.edu.wroclaw.pl\/wp-content\/uploads\/sites\/86\/2025\/10\/Regulamin-wypozyczania-podrecznikow.-2.pdf\">Regulamin wypo\u017cyczania podr\u0119cznik\u00f3w.<\/a><\/li>\n<\/ul>\n<p>[\/vc_column_text][\/vc_column][\/vc_row][vc_row][vc_column][vc_basic_grid post_type=&#8221;post&#8221; max_items=&#8221;-1&#8243; style=&#8221;pagination&#8221; element_width=&#8221;12&#8243; paging_design=&#8221;pagination_rounded_dark&#8221; paging_color=&#8221;mulled_wine&#8221; item=&#8221;29&#8243; css=&#8221;&#8221; grid_id=&#8221;vc_gid:1765196245647-1120b029-4a37-8&#8243; taxonomies=&#8221;7&#8243;][\/vc_column][\/vc_row]<\/p>\n<\/div>","protected":false},"excerpt":{"rendered":"<p>[vc_row][vc_column][vc_column_text css=&#8221;&#8221;] &nbsp; Godziny dost\u0119pno\u015bci biblioteki dla uczni\u00f3w &nbsp; Renata Cierpia\u0142 &#8211; Ma\u0142asiewicz Ma\u0142gorzata Guzikowska Poniedzia\u0142ek 8.00- 12.45 13.30- 14.00 8.50-9.50\u00a0 8.00- 12.45 13.30- 14.00 Wtorek 8.30 &#8211; 12.45 13.30- [&hellip;]<\/p>\n","protected":false},"author":7,"featured_media":0,"parent":0,"menu_order":0,"comment_status":"closed","ping_status":"closed","template":"","meta":{"footnotes":""},"class_list":["post-154","page","type-page","status-publish","hentry","clearfix"],"_links":{"self":[{"href":"https:\/\/zsp5.edu.wroclaw.pl\/index.php\/wp-json\/wp\/v2\/pages\/154","targetHints":{"allow":["GET"]}}],"collection":[{"href":"https:\/\/zsp5.edu.wroclaw.pl\/index.php\/wp-json\/wp\/v2\/pages"}],"about":[{"href":"https:\/\/zsp5.edu.wroclaw.pl\/index.php\/wp-json\/wp\/v2\/types\/page"}],"author":[{"embeddable":true,"href":"https:\/\/zsp5.edu.wroclaw.pl\/index.php\/wp-json\/wp\/v2\/users\/7"}],"replies":[{"embeddable":true,"href":"https:\/\/zsp5.edu.wroclaw.pl\/index.php\/wp-json\/wp\/v2\/comments?post=154"}],"version-history":[{"count":51,"href":"https:\/\/zsp5.edu.wroclaw.pl\/index.php\/wp-json\/wp\/v2\/pages\/154\/revisions"}],"predecessor-version":[{"id":1306,"href":"https:\/\/zsp5.edu.wroclaw.pl\/index.php\/wp-json\/wp\/v2\/pages\/154\/revisions\/1306"}],"wp:attachment":[{"href":"https:\/\/zsp5.edu.wroclaw.pl\/index.php\/wp-json\/wp\/v2\/media?parent=154"}],"curies":[{"name":"wp","href":"https:\/\/api.w.org\/{rel}","templated":true}]}}