
{"id":2,"date":"2025-04-02T11:54:26","date_gmt":"2025-04-02T09:54:26","guid":{"rendered":"http:\/\/zsp5.root.edu.wroclaw.pl\/?page_id=2"},"modified":"2026-01-29T11:35:10","modified_gmt":"2026-01-29T10:35:10","slug":"strona-glowna","status":"publish","type":"page","link":"https:\/\/zsp5.edu.wroclaw.pl\/","title":{"rendered":"Strona g\u0142\u00f3wna"},"content":{"rendered":"<div class=\"wpb-content-wrapper\"><p>[vc_row css=&#8221;.vc_custom_1747825247175{margin-right: -60px !important;margin-bottom: 30px !important;margin-left: -60px !important;}&#8221;][vc_column width=&#8221;1\/5&#8243;][vc_icon icon_fontawesome=&#8221;fa fa-solid fa-book&#8221; color=&#8221;custom&#8221; background_style=&#8221;boxed-outline&#8221; background_color=&#8221;custom&#8221; size=&#8221;xl&#8221; align=&#8221;center&#8221; css=&#8221;.vc_custom_1747998006563{margin-bottom: 0px !important;}&#8221; custom_background_color=&#8221;#00366C&#8221; custom_color=&#8221;#00366C&#8221; link=&#8221;url:https%3A%2F%2Fzsp5.edu.wroclaw.pl%2Findex.php%2Fbiblioteka%2F|title:Biblioteka&#8221;][vc_column_text css=&#8221;.vc_custom_1747824857010{margin-top: -20px !important;}&#8221;]<\/p>\n<h2 style=\"text-align: center;\"><span style=\"font-size: 20px;\">Biblioteka<\/span><\/h2>\n<p>[\/vc_column_text][\/vc_column][vc_column width=&#8221;1\/5&#8243;][vc_icon icon_fontawesome=&#8221;fa fa-solid fa-person-dots-from-line&#8221; color=&#8221;custom&#8221; background_style=&#8221;boxed-outline&#8221; background_color=&#8221;custom&#8221; size=&#8221;xl&#8221; align=&#8221;center&#8221; css=&#8221;.vc_custom_1747826388331{margin-bottom: 0px !important;}&#8221; custom_background_color=&#8221;#00366C&#8221; custom_color=&#8221;#00366C&#8221; link=&#8221;url:https%3A%2F%2Fzsp5.edu.wroclaw.pl%2Findex.php%2Flaboratoria-przyszlosci%2F|title:Laboratoria%20Przysz%C5%82o%C5%9Bci&#8221;][vc_column_text css=&#8221;.vc_custom_1759340688063{margin-top: -20px !important;}&#8221;]<\/p>\n<h2 style=\"text-align: center;\"><span style=\"font-size: 20px;\">Projekty<\/span><\/h2>\n<p>[\/vc_column_text][\/vc_column][vc_column width=&#8221;1\/5&#8243;][vc_icon icon_fontawesome=&#8221;fa fa-regular fa-file-lines&#8221; color=&#8221;custom&#8221; background_style=&#8221;boxed-outline&#8221; background_color=&#8221;custom&#8221; size=&#8221;xl&#8221; align=&#8221;center&#8221; css=&#8221;.vc_custom_1747826405418{margin-bottom: 0px !important;}&#8221; custom_background_color=&#8221;#00366C&#8221; custom_color=&#8221;#00366C&#8221; link=&#8221;url:https%3A%2F%2Fzsp5.edu.wroclaw.pl%2Findex.php%2Fdokumenty%2F|title:Dokumenty&#8221;][vc_column_text css=&#8221;.vc_custom_1747824888680{margin-top: -20px !important;}&#8221;]<\/p>\n<h2 style=\"text-align: center;\"><span style=\"font-size: 20px;\">Dokumenty<\/span><\/h2>\n<p>[\/vc_column_text][\/vc_column][vc_column width=&#8221;1\/5&#8243;][vc_icon icon_fontawesome=&#8221;fa fa-solid fa-user-graduate&#8221; color=&#8221;custom&#8221; background_style=&#8221;boxed-outline&#8221; background_color=&#8221;custom&#8221; size=&#8221;xl&#8221; align=&#8221;center&#8221; css=&#8221;.vc_custom_1747826426172{margin-bottom: 0px !important;}&#8221; custom_background_color=&#8221;#00366C&#8221; custom_color=&#8221;#00366C&#8221; link=&#8221;url:https%3A%2F%2Fzsp5.edu.wroclaw.pl%2Findex.php%2Frekrutacja%2F|title:Rekrutacja&#8221;][vc_column_text css=&#8221;.vc_custom_1747824897139{margin-top: -20px !important;}&#8221;]<\/p>\n<h2 style=\"text-align: center;\"><span style=\"font-size: 20px;\">Rekrutacja<\/span><\/h2>\n<p>[\/vc_column_text][\/vc_column][vc_column width=&#8221;1\/5&#8243;][vc_icon icon_fontawesome=&#8221;fa fa-solid fa-layer-group&#8221; color=&#8221;custom&#8221; background_style=&#8221;boxed-outline&#8221; background_color=&#8221;custom&#8221; size=&#8221;xl&#8221; align=&#8221;center&#8221; css=&#8221;.vc_custom_1747826544627{margin-bottom: 0px !important;}&#8221; custom_background_color=&#8221;#00366C&#8221; custom_color=&#8221;#00366C&#8221; link=&#8221;url:https%3A%2F%2Fzsp5.edu.wroclaw.pl%2Findex.php%2Frodo%2F|title:RODO&#8221;][vc_column_text css=&#8221;.vc_custom_1747824907680{margin-top: -20px !important;}&#8221;]<\/p>\n<h2 style=\"text-align: center;\"><span style=\"font-size: 20px;\">RODO<\/span><\/h2>\n<p>[\/vc_column_text][\/vc_column][\/vc_row][vc_row css=&#8221;.vc_custom_1747825247175{margin-right: -60px !important;margin-bottom: 30px !important;margin-left: -60px !important;}&#8221;][vc_column width=&#8221;1\/5&#8243;][vc_icon icon_fontawesome=&#8221;fa fa-solid fa-seedling&#8221; color=&#8221;custom&#8221; background_style=&#8221;boxed-outline&#8221; background_color=&#8221;custom&#8221; size=&#8221;xl&#8221; align=&#8221;center&#8221; css=&#8221;.vc_custom_1759338463408{margin-bottom: 0px !important;}&#8221; custom_background_color=&#8221;#00366C&#8221; custom_color=&#8221;#00366C&#8221; link=&#8221;url:https%3A%2F%2Fzsp5.edu.wroclaw.pl%2Findex.php%2Fosiagniecia%2F|title:Biblioteka&#8221;][vc_column_text css=&#8221;.vc_custom_1759338478156{margin-top: -20px !important;}&#8221;]<\/p>\n<h2 style=\"text-align: center;\"><span style=\"font-size: 20px;\">Osi\u0105gni\u0119cia<\/span><\/h2>\n<p>[\/vc_column_text][\/vc_column][vc_column width=&#8221;1\/5&#8243;][vc_icon icon_fontawesome=&#8221;fa fa-solid fa-d&#8221; color=&#8221;custom&#8221; background_style=&#8221;boxed-outline&#8221; background_color=&#8221;custom&#8221; size=&#8221;xl&#8221; align=&#8221;center&#8221; css=&#8221;.vc_custom_1759338600143{margin-bottom: 0px !important;}&#8221; custom_background_color=&#8221;#00366C&#8221; custom_color=&#8221;#00366C&#8221; link=&#8221;url:https%3A%2F%2Fuonetplus.vulcan.net.pl%2Fwroclaw|title:Dziennik&#8221;][vc_column_text css=&#8221;.vc_custom_1759338610277{margin-top: -20px !important;}&#8221;]<\/p>\n<h2 style=\"text-align: center;\"><span style=\"font-size: 20px;\">Dziennik<\/span><\/h2>\n<p>[\/vc_column_text][\/vc_column][vc_column width=&#8221;1\/5&#8243;][vc_icon icon_fontawesome=&#8221;fa fa-solid fa-handshake-angle&#8221; color=&#8221;custom&#8221; background_style=&#8221;boxed-outline&#8221; background_color=&#8221;custom&#8221; size=&#8221;xl&#8221; align=&#8221;center&#8221; css=&#8221;.vc_custom_1761815632425{margin-bottom: 0px !important;}&#8221; custom_background_color=&#8221;#00366C&#8221; custom_color=&#8221;#00366C&#8221; link=&#8221;url:%20https%3A%2F%2Fzsp5.edu.wroclaw.pl%2Findex.php%2Fplan-zajec%2F%20|title:Plan%20zaj%C4%99%C4%87&#8243;][vc_column_text css=&#8221;.vc_custom_1761815605646{margin-top: -20px !important;}&#8221;]<\/p>\n<h2 style=\"text-align: center;\"><span style=\"font-size: 20px;\">HejTy Reaguj!<\/span><\/h2>\n<p>[\/vc_column_text][\/vc_column][vc_column width=&#8221;1\/5&#8243;][vc_icon icon_fontawesome=&#8221;fa fa-solid fa-chart-line&#8221; color=&#8221;juicy_pink&#8221; background_style=&#8221;boxed-outline&#8221; background_color=&#8221;custom&#8221; size=&#8221;xl&#8221; align=&#8221;center&#8221; css=&#8221;.vc_custom_1763509520532{margin-bottom: 0px !important;}&#8221; custom_background_color=&#8221;#00366C&#8221; link=&#8221;url:https%3A%2F%2Fzsp5.edu.wroclaw.pl%2Findex.php%2F2025%2F11%2F17%2Fpropozycje-konkursow-dla-uczniow-naszej-szkoly%2F|title:Zaj%C4%99cia%20dodatkowe&#8221;][vc_column_text css=&#8221;.vc_custom_1763509208240{margin-top: -20px !important;}&#8221;]<\/p>\n<h2 style=\"text-align: center;\"><span style=\"font-size: 20px;\">Konkursy<\/span><\/h2>\n<p>[\/vc_column_text][\/vc_column][vc_column width=&#8221;1\/5&#8243;][vc_icon icon_fontawesome=&#8221;fa fa-solid fa-calendar&#8221; color=&#8221;custom&#8221; background_style=&#8221;boxed-outline&#8221; background_color=&#8221;custom&#8221; size=&#8221;xl&#8221; align=&#8221;center&#8221; css=&#8221;.vc_custom_1760526096093{margin-bottom: 0px !important;}&#8221; custom_background_color=&#8221;#00366C&#8221; custom_color=&#8221;#00366C&#8221; link=&#8221;url:https%3A%2F%2Fzsp5.edu.wroclaw.pl%2Findex.php%2Fszkola-podstawowa%2Fkalendarz%2F|title:Kalendarz&#8221;][vc_column_text css=&#8221;.vc_custom_1759773312760{margin-top: -20px !important;}&#8221;]<\/p>\n<h2 style=\"text-align: center;\"><span style=\"font-size: 20px;\">Kalendarz<\/span><\/h2>\n<p>[\/vc_column_text][\/vc_column][vc_column][\/vc_column][\/vc_row][vc_row][vc_column][vc_column_text css=&#8221;.vc_custom_1748436191557{margin-bottom: 0px !important;}&#8221;]<\/p>\n<h1 style=\"text-align: center;\"><span style=\"font-size: 48px;\">O Zespole nr 5 we Wroc\u0142awiu<\/span><\/h1>\n<p>[\/vc_column_text][vc_separator color=&#8221;custom&#8221; border_width=&#8221;2&#8243; el_width=&#8221;40&#8243; css=&#8221;&#8221; accent_color=&#8221;#3B6A94&#8243;][vc_column_text css=&#8221;.vc_custom_1769595107453{margin-bottom: 0px !important;}&#8221;]29 wrze\u015bnia uroczy\u015bcie otwarto now\u0105 cz\u0119\u015b\u0107 ZSP nr 5 we Wroc\u0142awiu.<\/p>\n<p>Dzi\u0119ki rozbudowie i przebudowie budynku uczy si\u0119 w niej 270 uczni\u00f3w i 150 przedszkolak\u00f3w, kt\u00f3rzy do swojej dyspozycji maj\u0105 odpowiednio 10 i 6 sal, now\u0105 sal\u0119 gimnastyczn\u0105 kuchni\u0119 z jadalni\u0105, boisko, plac zabaw.<\/p>\n<p>Szko\u0142a Podstawowa nr 21 na ul. Osobowickiej zmieni\u0142a si\u0119 nie do poznania. Rozbudowali\u015bmy t\u0119 plac\u00f3wk\u0119 z my\u015bl\u0105 o najm\u0142odszych, jak i starszych dzieciach.<\/p>\n<hr \/>\n<h1><strong><a href=\"https:\/\/zsp5.edu.wroclaw.pl\/wp-content\/uploads\/sites\/86\/2026\/01\/Strona-internetowa-KSeF.docx\">* Informacje o wystawianiu faktur KSeF *<\/a><\/strong><\/h1>\n<p>[\/vc_column_text][\/vc_column][\/vc_row][vc_row][vc_column][vc_column_text css=&#8221;.vc_custom_1748436205418{margin-bottom: 0px !important;}&#8221;]<\/p>\n<h1 style=\"text-align: center;\"><span style=\"font-size: 48px;\">Aktualno\u015bci<\/span><\/h1>\n<p>[\/vc_column_text][vc_separator color=&#8221;custom&#8221; border_width=&#8221;2&#8243; el_width=&#8221;40&#8243; css=&#8221;&#8221; accent_color=&#8221;#3B6A94&#8243;][vc_basic_grid post_type=&#8221;post&#8221; max_items=&#8221;-1&#8243; style=&#8221;lazy&#8221; items_per_page=&#8221;4&#8243; element_width=&#8221;3&#8243; gap=&#8221;35&#8243; initial_loading_animation=&#8221;zoomInDown&#8221; css=&#8221;&#8221; grid_id=&#8221;vc_gid:1769682826722-9d177ac8-4122-10&#8243; taxonomies=&#8221;2&#8243;][vc_empty_space][\/vc_column][\/vc_row][vc_row][vc_column][vc_icon][\/vc_column][\/vc_row][vc_row row_title=&#8221;P\u00f3\u0142kolonie&#8221;][vc_column][vc_custom_heading css=&#8221;&#8221; link=&#8221;url:https%3A%2F%2Fzsp5.edu.wroclaw.pl%2Findex.php%2Fszkola-podstawowa%2Fpolkolonie%2F|title:P%C3%B3%C5%82kolonie&#8221;][\/vc_column][\/vc_row]<\/p>\n<\/div>","protected":false},"excerpt":{"rendered":"<p>[vc_row css=&#8221;.vc_custom_1747825247175{margin-right: -60px !important;margin-bottom: 30px !important;margin-left: -60px !important;}&#8221;][vc_column width=&#8221;1\/5&#8243;][vc_icon icon_fontawesome=&#8221;fa fa-solid fa-book&#8221; color=&#8221;custom&#8221; background_style=&#8221;boxed-outline&#8221; background_color=&#8221;custom&#8221; size=&#8221;xl&#8221; align=&#8221;center&#8221; css=&#8221;.vc_custom_1747998006563{margin-bottom: 0px !important;}&#8221; custom_background_color=&#8221;#00366C&#8221; custom_color=&#8221;#00366C&#8221; link=&#8221;url:https%3A%2F%2Fzsp5.edu.wroclaw.pl%2Findex.php%2Fbiblioteka%2F|title:Biblioteka&#8221;][vc_column_text css=&#8221;.vc_custom_1747824857010{margin-top: -20px !important;}&#8221;] Biblioteka [\/vc_column_text][\/vc_column][vc_column width=&#8221;1\/5&#8243;][vc_icon icon_fontawesome=&#8221;fa [&hellip;]<\/p>\n","protected":false},"author":7,"featured_media":0,"parent":0,"menu_order":0,"comment_status":"closed","ping_status":"open","template":"","meta":{"footnotes":""},"class_list":["post-2","page","type-page","status-publish","hentry","clearfix"],"_links":{"self":[{"href":"https:\/\/zsp5.edu.wroclaw.pl\/index.php\/wp-json\/wp\/v2\/pages\/2","targetHints":{"allow":["GET"]}}],"collection":[{"href":"https:\/\/zsp5.edu.wroclaw.pl\/index.php\/wp-json\/wp\/v2\/pages"}],"about":[{"href":"https:\/\/zsp5.edu.wroclaw.pl\/index.php\/wp-json\/wp\/v2\/types\/page"}],"author":[{"embeddable":true,"href":"https:\/\/zsp5.edu.wroclaw.pl\/index.php\/wp-json\/wp\/v2\/users\/7"}],"replies":[{"embeddable":true,"href":"https:\/\/zsp5.edu.wroclaw.pl\/index.php\/wp-json\/wp\/v2\/comments?post=2"}],"version-history":[{"count":65,"href":"https:\/\/zsp5.edu.wroclaw.pl\/index.php\/wp-json\/wp\/v2\/pages\/2\/revisions"}],"predecessor-version":[{"id":1612,"href":"https:\/\/zsp5.edu.wroclaw.pl\/index.php\/wp-json\/wp\/v2\/pages\/2\/revisions\/1612"}],"wp:attachment":[{"href":"https:\/\/zsp5.edu.wroclaw.pl\/index.php\/wp-json\/wp\/v2\/media?parent=2"}],"curies":[{"name":"wp","href":"https:\/\/api.w.org\/{rel}","templated":true}]}}