
{"id":452,"date":"2025-07-11T11:45:38","date_gmt":"2025-07-11T09:45:38","guid":{"rendered":"https:\/\/zsp5.edu.wroclaw.pl\/?page_id=452"},"modified":"2026-01-16T13:09:08","modified_gmt":"2026-01-16T12:09:08","slug":"deklaracja-dostepnosci","status":"publish","type":"page","link":"https:\/\/zsp5.edu.wroclaw.pl\/index.php\/deklaracja-dostepnosci\/","title":{"rendered":"Deklaracja dost\u0119pno\u015bci"},"content":{"rendered":"<h2 id=\"a11y-deklaracja\"><span style=\"font-size: 36px;\">Deklaracja dost\u0119pno\u015bci Zespo\u0142u Szkolno-Przedszkolnego nr 5<\/span><\/h2>\n<p id=\"a11y-wstep\"><span id=\"a11y-podmiot\">Zesp\u00f3\u0142 Szkolno-Przedszkolny nr 25 we Wroc\u0142awiu<\/span> zobowi\u0105zuje si\u0119 zapewni\u0107 dost\u0119pno\u015b\u0107 swojej strony internetowej zgodnie z przepisami ustawy z dnia 4\u00a0kwietnia 2019\u00a0r. o\u00a0dost\u0119pno\u015bci cyfrowej stron internetowych i\u00a0aplikacji mobilnych podmiot\u00f3w publicznych. O\u015bwiadczenie w sprawie dost\u0119pno\u015bci ma zastosowanie do strony internetowej <a id=\"a11y-url\" href=\"http:\/\/zsp25.edu.wroclaw.pl\">zsp25.edu.wroclaw.pl<\/a>.<\/p>\n<ul>\n<li>Data publikacji strony internetowej: <time id=\"a11y-data-publikacja\" datetime=\"2012.09.01\">2012.09.01<\/time><\/li>\n<li>Data ostatniej istotnej aktualizacji: <time id=\"a11y-data-aktualizacja\" datetime=\"2025-07-01\">2025-07-01<\/time><\/li>\n<\/ul>\n<h2><span style=\"font-size: 36px;\">Status pod wzgl\u0119dem zgodno\u015bci z ustaw\u0105<\/span><\/h2>\n<p>Strona internetowa jest cz\u0119\u015bciowo zgodna z\u00a0ustaw\u0105 o\u00a0dost\u0119pno\u015bci cyfrowej stron internetowych i\u00a0aplikacji mobilnych podmiot\u00f3w publicznych z powodu niezgodno\u015bci lub wy\u0142\u0105cze\u0144 wymienionych poni\u017cej.<\/p>\n<h3><span style=\"font-size: 24px;\">Tre\u015bci niedost\u0119pne<\/span><\/h3>\n<ul>\n<li>Cz\u0119\u015b\u0107 informacji przedstawiono w formie graficznej<\/li>\n<li>Cz\u0119\u015b\u0107 zdj\u0119\u0107 nie posiada tekst\u00f3w alternatywnych w wersji tekstowej<\/li>\n<\/ul>\n<h3><span style=\"font-size: 24px;\">Przygotowanie deklaracji w sprawie dost\u0119pno\u015bci<\/span><\/h3>\n<ul>\n<li>Deklaracj\u0119 sporz\u0105dzono dnia: <time id=\"a11y-data-sporzadzenie\" datetime=\"2021-03-31\">2021-03-31<\/time><\/li>\n<li>Deklaracj\u0119 sporz\u0105dzono na podstawie samooceny<\/li>\n<li><span style=\"font-size: 14pt;\">Deklaracja zosta\u0142a poddana przegl\u0105dowi i aktualizacji dnia: <time id=\"a11y-data-deklaracja-przeglad\" datetime=\"2022-03-28\">2025-03-27<\/time><\/span><\/li>\n<\/ul>\n<h2 id=\"a11y-kontakt\"><span style=\"font-size: 36px;\">Informacje zwrotne i dane kontaktowe<\/span><\/h2>\n<ul>\n<li>Za rozpatrywanie uwag i wniosk\u00f3w odpowiada: sekretariat szko\u0142y<\/li>\n<li>E-mail: sekretariat.zsp05@wroclawskaedukacja.pl<\/li>\n<li>Telefon: 71 798 69 928<\/li>\n<\/ul>\n<p>T\u0105 sam\u0105 drog\u0105 mo\u017cna sk\u0142ada\u0107 wnioski o udost\u0119pnienie informacji niedost\u0119pnej oraz sk\u0142ada\u0107 \u017c\u0105dania zapewnienia dost\u0119pno\u015bci<\/p>\n<p id=\"a11y-procedura\">Ka\u017cdy ma prawo:<\/p>\n<ul>\n<li>zg\u0142osi\u0107 uwagi dotycz\u0105ce dost\u0119pno\u015bci cyfrowej strony lub jej elementu,<\/li>\n<li>zg\u0142osi\u0107 \u017c\u0105danie zapewnienia dost\u0119pno\u015bci cyfrowej strony lub jej elementu,<\/li>\n<li>wnioskowa\u0107 o udost\u0119pnienie niedost\u0119pnej informacji w innej alternatywnej formie.<\/li>\n<\/ul>\n<p>\u017b\u0105danie musi zawiera\u0107:<\/p>\n<ul>\n<li>dane kontaktowe osoby zg\u0142aszaj\u0105cej,<\/li>\n<li>wskazanie strony lub elementu strony, kt\u00f3rej dotyczy \u017c\u0105danie,<\/li>\n<li>wskazanie dogodnej formy udost\u0119pnienia informacji, je\u015bli \u017c\u0105danie dotyczy udost\u0119pnienia w formie alternatywnej informacji niedost\u0119pnej.<\/li>\n<\/ul>\n<p>Rozpatrzenie zg\u0142oszenia powinno nast\u0105pi\u0107 niezw\u0142ocznie, najp\u00f3\u017aniej w ci\u0105gu 7 dni. Je\u015bli w tym terminie zapewnienie dost\u0119pno\u015bci albo zapewnienie dost\u0119pu w alternatywnej formie nie jest mo\u017cliwe, powinno nast\u0105pi\u0107 najdalej w ci\u0105gu 2 miesi\u0119cy od daty zg\u0142oszenia.<\/p>\n<h3><span style=\"font-size: 24px;\">Skargi i odwo\u0142ania<\/span><\/h3>\n<p>Na niedotrzymanie tych termin\u00f3w oraz na odmow\u0119 realizacji \u017c\u0105dania mo\u017cna z\u0142o\u017cy\u0107 skarg\u0119 do organu nadzoruj\u0105cego poczt\u0105 lub drog\u0105 elektroniczn\u0105 na adres:<\/p>\n<ul>\n<li>Organ nadzoruj\u0105cy: Dyrektor Zespo\u0142u Szkolno-Przedszkolnego nr 5 we Wroc\u0142awiu<\/li>\n<li>Adres: ul. Osobowicka 127<br \/>\n51-004 Wroc\u0142aw<\/li>\n<li>E-mail: sekretariat.zsp05@wroclawskaedukacja.pl<\/li>\n<li>Telefon: <span id=\"a11y-telefon\">71 798 69 28<\/span><\/li>\n<\/ul>\n<p>Skarg\u0119 mo\u017cna z\u0142o\u017cy\u0107 r\u00f3wnie\u017c do <a href=\"https:\/\/www.rpo.gov.pl\/content\/jak-zglosic-sie-do-rzecznika-praw-obywatelskich\">Rzecznika Praw Obywatelskich<\/a>.<\/p>\n<h2 id=\"a11y-architektura\"><span style=\"font-size: 36px;\">Dost\u0119pno\u015b\u0107 architektoniczna<\/span><\/h2>\n<h3 style=\"padding-left: 40px;\">Szko\u0142a Podstawowa nr 21 we Wroc\u0142awiu<\/h3>\n<h4>Budynek<\/h4>\n<ul>\n<li>Budynek szko\u0142y nie spe\u0142nia wymaga\u0144 zgodne z ustaw\u0105 z dnia 4 kwietnia 2019r. o zapewnianiu dost\u0119pno\u015bci osobom ze szczeg\u00f3lnymi potrzebami Dz.U. z 2019 r. poz. 848.<\/li>\n<li>G\u0142\u00f3wne wej\u015bcie do szko\u0142y posiada podjazd dla w\u00f3zk\u00f3w inwalidzkich. Osoby poruszaj\u0105ce si\u0119 na w\u00f3zkach inwalidzkich maj\u0105 dost\u0119p jedynie do pomieszcze\u0144 znajduj\u0105cych si\u0119 parterze szko\u0142y.<\/li>\n<li>Schody wewn\u0105trz szko\u0142y wyposa\u017cone s\u0105 w por\u0119cz usytuowan\u0105 po jednej stronie.<\/li>\n<li>Schody\u00a0 na zewn\u0105trz, prowadz\u0105ce do wej\u015bcia g\u0142\u00f3wnego do szko\u0142y wyposa\u017cone s\u0105 w por\u0119cze, usytuowane po prawej i lewej stronie.<\/li>\n<\/ul>\n<h4>Miejsca parkingowe<\/h4>\n<p style=\"padding-left: 40px;\">Na terenie szko\u0142y wyznaczone s\u0105 miejsca parkingowe, nie s\u0105 jednak oznaczone jako miejsca dla os\u00f3b z niepe\u0142nosprawno\u015bci\u0105.<\/p>\n<h4>Prawo wst\u0119pu z psem asystuj\u0105cym<\/h4>\n<p style=\"padding-left: 40px;\">Do budynku i wszystkich jego pomieszcze\u0144 mo\u017cna wej\u015b\u0107 z psem asystuj\u0105cym i psem przewodnikiem. Mo\u017cliwo\u015b\u0107 wej\u015bcia do budynku szko\u0142y z psem asystuj\u0105cym nie zwalnia osoby z niepe\u0142nosprawno\u015bci\u0105 z odpowiedzialno\u015bci za szkody wyrz\u0105dzone przez psa asystuj\u0105cego. Osoba z niepe\u0142nosprawno\u015bci\u0105 nie jest zobowi\u0105zana do zak\u0142adania psu asystuj\u0105cemu kaga\u0144ca, oraz prowadzenia go na smyczy.<\/p>\n<h4>Pomoc pracownika szko\u0142y<\/h4>\n<p style=\"padding-left: 40px;\">W sytuacji potrzeby, osoba ze szczeg\u00f3lnymi potrzebami mo\u017ce uzyska\u0107 pomoc (w przemieszczaniu si\u0119, wype\u0142nieniu dokumentacji, itp.) od pracownika szko\u0142y na portierni lub w sekretariacie szko\u0142y.<\/p>\n<p>&nbsp;<\/p>\n<h3 style=\"padding-left: 40px;\"><span style=\"font-size: 24px;\">Przedszkole nr 7 we Wroc\u0142awiu<\/span><\/h3>\n<h4>Budynek<\/h4>\n<ul>\n<li>Budynek przedszkola nie spe\u0142nia wymaga\u0144 zgodne z ustaw\u0105 z dnia 4 kwietnia 2019 r o zapewnianiu dost\u0119pno\u015bci osobom ze szczeg\u00f3lnymi potrzebami(Dz.U. z 2019 r. poz. 848).<\/li>\n<li>Budynek nie posiada podjazdu dla os\u00f3b poruszaj\u0105cych si\u0119 na w\u00f3zkach inwalidzkich ani innych udogodnie\u0144 umo\u017cliwiaj\u0105cych tym osobom dost\u0119p oraz poruszanie si\u0119 pomi\u0119dzy poszczeg\u00f3lnymi kondygnacjami.<\/li>\n<li>Schody\u00a0 wewn\u0105trz\u00a0 przedszkola oraz schody na zewn\u0105trz budynku wyposa\u017cone s\u0105 w por\u0119cze, usytuowane po prawej i lewej stronie.<\/li>\n<\/ul>\n<h4>Miejsca parkingowe<\/h4>\n<p style=\"padding-left: 40px;\">Na terenie przedszkola ani w jego bezpo\u015brednim pobli\u017cu nie ma wyznaczonych miejsc parkingowych. Najbli\u017csze miejsca parkingowe s\u0105 wyznaczone po drugiej stronie ulicy (przy sklepie T &amp; J), nie s\u0105 jednak oznaczone jako miejsca dla os\u00f3b z niepe\u0142nosprawno\u015bci\u0105.<\/p>\n<h4>Prawo wst\u0119pu z psem asystuj\u0105cym<\/h4>\n<p style=\"padding-left: 40px;\">Do budynku i wszystkich jego pomieszcze\u0144 mo\u017cna wej\u015b\u0107 z psem asystuj\u0105cym i psem przewodnikiem. Mo\u017cliwo\u015b\u0107 wej\u015bcia do budynku szko\u0142y z psem asystuj\u0105cym nie zwalnia osoby z niepe\u0142nosprawno\u015bci\u0105 z odpowiedzialno\u015bci za szkody wyrz\u0105dzone przez psa asystuj\u0105cego. Osoba z niepe\u0142nosprawno\u015bci\u0105 nie jest zobowi\u0105zana do zak\u0142adania psu asystuj\u0105cemu kaga\u0144ca, oraz prowadzenia go na smyczy.<\/p>\n<h4>Pomoc pracownika szko\u0142y<\/h4>\n<p style=\"padding-left: 40px;\">W sytuacji potrzeby, osoba ze szczeg\u00f3lnymi potrzebami mo\u017ce uzyska\u0107 pomoc (w przemieszczaniu si\u0119, wype\u0142nieniu dokumentacji, itp.) od pracownika obs\u0142ugi przedszkola lub w gabinecie wicedyrektora ds. przedszkola.<\/p>\n<h3><span style=\"font-size: 24px;\">Kontakt dla os\u00f3b do\u015bwiadczaj\u0105cych trwale lub okresowo trudno\u015bci w komunikowaniu si\u0119<\/span><\/h3>\n<p style=\"padding-left: 40px;\">W szkole nie ma mo\u017cliwo\u015bci skorzystania z t\u0142umacza j\u0119zyka migowego. Szko\u0142a\u00a0 i przedszkole udost\u0119pnia osobom do\u015bwiadczaj\u0105cym trwale lub okresowo trudno\u015bci w komunikowaniu si\u0119 nast\u0119puj\u0105ce formy kontaktu:<\/p>\n<p style=\"padding-left: 40px;\">tel. 71 798-69-28,<br \/>\ne-mail: sekretariat.zsp05@wroclawskaedukacja.pl<\/p>\n<h3><span style=\"font-size: 24px;\">Udogodnienia<\/span><\/h3>\n<ul>\n<li>Domy\u015ble skr\u00f3ty klawiszowe przegl\u0105darek internetowych<\/li>\n<li>Prze\u0142\u0105cznik kontrastowy, zmiany wielko\u015bci tekstu<\/li>\n<\/ul>\n<p>&nbsp;<\/p>\n","protected":false},"excerpt":{"rendered":"<p>Deklaracja dost\u0119pno\u015bci Zespo\u0142u Szkolno-Przedszkolnego nr 5 Zesp\u00f3\u0142 Szkolno-Przedszkolny nr 25 we Wroc\u0142awiu zobowi\u0105zuje si\u0119 zapewni\u0107 dost\u0119pno\u015b\u0107 swojej strony internetowej zgodnie z przepisami ustawy z dnia 4\u00a0kwietnia 2019\u00a0r. o\u00a0dost\u0119pno\u015bci cyfrowej stron [&hellip;]<\/p>\n","protected":false},"author":7,"featured_media":0,"parent":0,"menu_order":0,"comment_status":"closed","ping_status":"closed","template":"","meta":{"footnotes":""},"class_list":["post-452","page","type-page","status-publish","hentry","clearfix"],"_links":{"self":[{"href":"https:\/\/zsp5.edu.wroclaw.pl\/index.php\/wp-json\/wp\/v2\/pages\/452","targetHints":{"allow":["GET"]}}],"collection":[{"href":"https:\/\/zsp5.edu.wroclaw.pl\/index.php\/wp-json\/wp\/v2\/pages"}],"about":[{"href":"https:\/\/zsp5.edu.wroclaw.pl\/index.php\/wp-json\/wp\/v2\/types\/page"}],"author":[{"embeddable":true,"href":"https:\/\/zsp5.edu.wroclaw.pl\/index.php\/wp-json\/wp\/v2\/users\/7"}],"replies":[{"embeddable":true,"href":"https:\/\/zsp5.edu.wroclaw.pl\/index.php\/wp-json\/wp\/v2\/comments?post=452"}],"version-history":[{"count":2,"href":"https:\/\/zsp5.edu.wroclaw.pl\/index.php\/wp-json\/wp\/v2\/pages\/452\/revisions"}],"predecessor-version":[{"id":1546,"href":"https:\/\/zsp5.edu.wroclaw.pl\/index.php\/wp-json\/wp\/v2\/pages\/452\/revisions\/1546"}],"wp:attachment":[{"href":"https:\/\/zsp5.edu.wroclaw.pl\/index.php\/wp-json\/wp\/v2\/media?parent=452"}],"curies":[{"name":"wp","href":"https:\/\/api.w.org\/{rel}","templated":true}]}}