
{"id":550,"date":"2025-10-01T19:12:40","date_gmt":"2025-10-01T17:12:40","guid":{"rendered":"https:\/\/zsp5.edu.wroclaw.pl\/?page_id=550"},"modified":"2025-10-30T18:53:19","modified_gmt":"2025-10-30T17:53:19","slug":"plan-zajec","status":"publish","type":"page","link":"https:\/\/zsp5.edu.wroclaw.pl\/index.php\/plan-zajec\/","title":{"rendered":"Reaguj na hejt!"},"content":{"rendered":"<p><em>&#8222;Ponad po\u0142owa nastolatk\u00f3w do\u015bwiadczy\u0142a hejtu w internecie. Zaledwie co trzeci z nich komu\u015b o nim m\u00f3wi. Reszta\u2026 milczy. Problem wszechobecnego w sieci j\u0119zyka nienawi\u015bci, prze\u015bladowania i wykluczenia sta\u0142 si\u0119 jedn\u0105 z najwi\u0119kszych chor\u00f3b cywilizacyjnych XXI wieku. Czas zareagowa\u0107.&#8221;<\/em><\/p>\n<p>&nbsp;<\/p>\n<p>Jeste\u015b ofiar\u0105 lub \u015bwiadkiem hejtu? Nie b\u0105d\u017a bierny, zg\u0142o\u015b spraw\u0119 do wychowawcy, psychologa lub pedagoga.<\/p>\n<p>O akcji mo\u017cesz wi\u0119cej przeczyta\u0107 <a href=\"https:\/\/dobryhasztag.pl\/\">TUTAJ.\u00a0<\/a><\/p>\n<p>&nbsp;<\/p>\n<p>Chcesz zada\u0107 anonimowo pytanie? Kliknij i skorzystaj z akcji <a href=\"https:\/\/lekcjebeztabu.pl\/beztabu\/\">&#8222;BEZTABU&#8221;.<\/a><\/p>\n","protected":false},"excerpt":{"rendered":"<p>&#8222;Ponad po\u0142owa nastolatk\u00f3w do\u015bwiadczy\u0142a hejtu w internecie. Zaledwie co trzeci z nich komu\u015b o nim m\u00f3wi. Reszta\u2026 milczy. Problem wszechobecnego w sieci j\u0119zyka nienawi\u015bci, prze\u015bladowania i wykluczenia sta\u0142 si\u0119 jedn\u0105 [&hellip;]<\/p>\n","protected":false},"author":466,"featured_media":0,"parent":0,"menu_order":0,"comment_status":"closed","ping_status":"closed","template":"","meta":{"footnotes":""},"class_list":["post-550","page","type-page","status-publish","hentry","clearfix"],"_links":{"self":[{"href":"https:\/\/zsp5.edu.wroclaw.pl\/index.php\/wp-json\/wp\/v2\/pages\/550","targetHints":{"allow":["GET"]}}],"collection":[{"href":"https:\/\/zsp5.edu.wroclaw.pl\/index.php\/wp-json\/wp\/v2\/pages"}],"about":[{"href":"https:\/\/zsp5.edu.wroclaw.pl\/index.php\/wp-json\/wp\/v2\/types\/page"}],"author":[{"embeddable":true,"href":"https:\/\/zsp5.edu.wroclaw.pl\/index.php\/wp-json\/wp\/v2\/users\/466"}],"replies":[{"embeddable":true,"href":"https:\/\/zsp5.edu.wroclaw.pl\/index.php\/wp-json\/wp\/v2\/comments?post=550"}],"version-history":[{"count":4,"href":"https:\/\/zsp5.edu.wroclaw.pl\/index.php\/wp-json\/wp\/v2\/pages\/550\/revisions"}],"predecessor-version":[{"id":843,"href":"https:\/\/zsp5.edu.wroclaw.pl\/index.php\/wp-json\/wp\/v2\/pages\/550\/revisions\/843"}],"wp:attachment":[{"href":"https:\/\/zsp5.edu.wroclaw.pl\/index.php\/wp-json\/wp\/v2\/media?parent=550"}],"curies":[{"name":"wp","href":"https:\/\/api.w.org\/{rel}","templated":true}]}}